 are the prime factors of f?
197
Suppose 0*d - d = -3*c + 2022, -4*d = 2*c + 8046. What are the prime factors of (3/(-9))/(11/d)?
61
Let g(j) = -19*j**2 + 2*j - 2. Let x be g(1). Let i = x + 24. Suppose 205 + 30 = i*p. What are the prime factors of p?
47
Suppose 25*x = 11*x + 7924. Let n = x + -375. List the prime factors of n.
191
Suppose 8*i = 12*i - 5*m - 963, 4*i = -4*m + 1008. What are the prime factors of i?
13, 19
Let l(z) = -z**3 + 4*z**2 - 3*z + 2. Let s be l(3). Suppose -11*p + 30*p - 57 = 0. Let j = p + s. List the prime factors of j.
5
Let w = 1232 - 640. What are the prime factors of w?
2, 37
Let r = -42 - -42. Suppose -77 = -p - k + 71, -p - 5*k + 156 = r. What are the prime factors of p?
2, 73
Let s(v) be the first derivative of v**4/4 - v**3/3 + v**2/2 + 11*v + 1. Suppose 8*z - 19*z = 0. What are the prime factors of s(z)?
11
Suppose i - 27 = 5*d, -2*d = -4*i - 5 + 23. Let c = i + 127. What are the prime factors of c?
3, 43
Let f(p) = -8*p**3 + 14*p**2 + 8*p - 9. Let q(b) = -7*b**3 + 13*b**2 + 8*b - 8. Let y(c) = 5*f(c) - 6*q(c). What are the prime factors of y(5)?
13
Suppose -i = -3*x - 521, -i + x + 669 - 146 = 0. What are the prime factors of i?
2, 131
Suppose -g + 5*i = -1059, 5*g + 2*i - 4236 = g. List the prime factors of g.
3, 353
Let h = 2018 + 575. List the prime factors of h.
2593
Suppose 53*g - 52*g - 532 = 0. List the prime factors of g.
2, 7, 19
Suppose -17148 = 33*q - 72786. What are the prime factors of q?
2, 3, 281
Let w = 1 + -2. Let h be (0/(-1))/(-2 - w). Suppose h = -4*n, -t + 0*t + n + 19 = 0. List the prime factors of t.
19
Suppose -4*m = 3*a - 16492, 13*m - 8*m - 5*a = 20650. What are the prime factors of m?
2, 2063
Suppose -5*r = 11 - 6. Let b(z) = 102*z**2 + z + 1. What are the prime factors of b(r)?
2, 3, 17
Let b = 547 - 449. List the prime factors of b.
2, 7
Suppose -4*x - 10*z + 14*z = -5784, 0 = 5*z + 25. List the prime factors of x.
11, 131
Let n(c) = 2*c**2 - 10*c - 13*c + 7 + 19*c. What are the prime factors of n(2)?
7
Let g(t) = -t**2 + 3*t + 1. Let k be g(3). Suppose k + 3 = 2*p. Suppose 41 = p*s + b, -4*s + 25 = b - 62. What are the prime factors of s?
23
Let p be 5/((-4 + 2)/(-2)). Suppose -44 = -p*h + 1. Suppose h - 273 = -6*b. List the prime factors of b.
2, 11
Let a = 1466 + -773. List the prime factors of a.
3, 7, 11
Let n = -226 + 357. Suppose 3*w + 35 = n. Let z = w + 2. List the prime factors of z.
2, 17
Let d(h) = h**3 + 8*h**2 - 2*h - 5. Let n be d(-8). Suppose 2*s - 4 = -2*s, -w - 4*s + n = 0. Suppose -4*f + 21 = -w. What are the prime factors of f?
7
Let k(r) = r**3 + 49*r**2 + 42*r + 27. List the prime factors of k(-47).
7, 353
Let d(y) = 2*y**2 - 35*y + 52. List the prime factors of d(26).
2, 13, 19
Suppose -87 - 14 = -u + 2*m, 3*m = -3*u + 330. Suppose -2*x - 6*b + b = -u, 0 = -5*b + 15. What are the prime factors of x?
2, 23
List the prime factors of 12 + 33120/(3 + 9).
2, 3, 7, 11
Let f be 1/2*-8 - -92. Suppose -f = -4*o + 72. What are the prime factors of o/(-2 - -3) - -4?
2, 11
Let r(o) = 2*o**3 + 39*o**2 + 12*o - 7. What are the prime factors of r(-10)?
3, 197
What are the prime factors of (-3970)/15*18/(-12)?
397
What are the prime factors of 4*((-16 - -12) + 11)?
2, 7
Let a = 14 + -14. Suppose a*p = p. Suppose p*u = -u + 26. List the prime factors of u.
2, 13
Let i(s) = 11*s**2 + 2*s - 3. Let h be i(4). Suppose 144 + h = 5*c. List the prime factors of c.
5, 13
Suppose 0 = -5*k - 6*u + 4*u - 8482, 3*k - 3*u + 5106 = 0. List the prime factors of (-6)/33 + k/(-22).
7, 11
Let q = 17 + -36. Let r be -3 + (679/21 - (-4)/(-12)). Let v = q + r. List the prime factors of v.
2, 5
Let k(d) = -d**2 - 6*d + 18. Let b be k(-8). Suppose -2*y = 6 + b. List the prime factors of -2*(-26)/(-4)*y.
2, 13
Let u be -3*(-4 - 32/(-12)). Let j = u + 53. What are the prime factors of j?
3, 19
Let q(u) be the third derivative of u**4/6 - 17*u**3/3 + 17*u**2. List the prime factors of q(21).
2, 5
Let b = 2392 + -490. List the prime factors of b.
2, 3, 317
Let m(x) = 3*x**2 - 8*x - 7. Let c be m(7). Suppose 5*t = -t + c. Suppose r = t + 5. List the prime factors of r.
19
Let g(i) be the second derivative of -305*i**3/6 - 2*i. Let o be g(-1). Suppose 0 = 5*q + 20 - o. What are the prime factors of q?
3, 19
Let s be 1/5*3*(3 - -2). Suppose -3*b + h = -b - 221, -s*h = -5*b + 552. List the prime factors of b.
3, 37
Suppose 228 = -7*w + 3*w. Let z = w + 25. List the prime factors of 7/(28/z)*-5.
2, 5
Let v = -503 - -2028. What are the prime factors of v?
5, 61
Let s = 485 - -233. List the prime factors of s.
2, 359
Suppose 10003 = 5*d + 2*d. List the prime factors of d.
1429
Suppose -21*i = -26*i + 8645. What are the prime factors of i?
7, 13, 19
Suppose 0 = 4*f - 4*n, -3*f + n = 5*n. Suppose 357 = 4*g - 3*s, 377 = 4*g - f*g + s. Suppose 3*b - g = 4*c, -c + 44 = 2*b - 7. List the prime factors of b.
3
List the prime factors of (1557 - -2)/((-5)/(-10)).
2, 1559
What are the prime factors of 188/1*4 - 76/(-38)?
2, 13, 29
Let s(g) = g**2 - g + 1. Let z be s(-1). Suppose 3*d = -2*v + 16, 3*v + z = 9. What are the prime factors of (d + -12)/((-8)/44)?
2, 11
Suppose 2376 = 122*d - 119*d. List the prime factors of d.
2, 3, 11
Suppose 5*i = -0*i - 65. Let u = -13 - i. Let n(f) = f**2 - f + 12. What are the prime factors of n(u)?
2, 3
Let a(w) = -w - 10. Let k be a(-7). Let q be k*(4/3)/(-1). Suppose 3*n + s - q*s - 51 = 0, 4*n - 69 = 3*s. What are the prime factors of n?
2, 3
Suppose 3*s - 21 = -15. List the prime factors of 1/(2/148*s/3).
3, 37
Let z = -30 + 30. Suppose 7*q - 4*q - 9 = z. What are the prime factors of q?
3
Let f(j) = 7 + 0*j + 2*j**2 - 3*j**2 + 3*j. List the prime factors of f(0).
7
Let g(x) be the first derivative of -x**3/3 - 5*x**2 - 4. Let o be g(-9). What are the prime factors of (-170)/(-45) + 2/o?
2
Let z(i) = -7*i - 1. Let t be -1*(2/1)/2. Let m be z(t). List the prime factors of (3 + -17)/((-3)/m).
2, 7
Suppose 2*l - l = -2*v + 987, -2*l - v = -1983. What are the prime factors of l?
3, 331
Suppose -4*z - 5*m = -9121, 21*z = 18*z + 5*m + 6832. What are the prime factors of z?
43, 53
Let s(v) = 2896*v**3 + 3*v**2 - 6*v + 2. List the prime factors of s(1).
3, 5, 193
Let b(s) = s**2 - 25*s + 35. Let c(h) = 3*h**2 - 76*h + 105. Let i(f) = -7*b(f) + 2*c(f). List the prime factors of i(16).
7, 11
Let d = -55 + 57. Suppose p + 149 = d*p. List the prime factors of p.
149
What are the prime factors of (17008/16)/(1/(0 - -1))?
1063
Let f(j) = 3*j + 93. Let s be f(-20). Let x = 3 + -2. What are the prime factors of s/(-12)*(-4)/x?
11
Suppose -125*j - 2904 = -129*j. List the prime factors of j.
2, 3, 11
List the prime factors of (17/51)/(1/7746).
2, 1291
Let a(f) = f**2 + 33. List the prime factors of a(-19).
2, 197
Suppose 2*g = -a - 5 + 3, 4*g = -3*a + 4. List the prime factors of -4 - (-4)/(a/134).
3, 7
List the prime factors of (6/4 - 1)/(19/10640).
2, 5, 7
Let v be 1/5 - 361/5. Let b = v + 45. What are the prime factors of (-6)/b - (-232)/9?
2, 13
Suppose 0 + 3 = -3*f, -32 = 2*l - 4*f. Let t = 26 - l. List the prime factors of t.
2, 11
Suppose u - 5 = -5*a, 3*a - 33 = 3*u - 12. Suppose -6*r = -a*r - 632. List the prime factors of r.
2, 79
Suppose 0 = -3*h - 2*c + 3890, -3*h + 4*h + 4*c = 1280. List the prime factors of h.
2, 5, 13
Let b be -3 + 3 - -2 - -61. Let d be 1/1*(-4 - -2). List the prime factors of (1 - 3)*b/d.
3, 7
Let u(z) be the second derivative of z**3/6 + 21*z**2/2 - 3*z - 6. Suppose 0 = n - 0*n. What are the prime factors of u(n)?
3, 7
Let p(b) = 16*b**2 + 35*b + 28. What are the prime factors of p(-10)?
2, 3, 71
Let w be 39/12 + (-1)/4. Suppose w*q + 2*q - 10 = 0. Suppose 0*u = q*k + 3*u + 5, 3*k - 12 = 2*u. What are the prime factors of k?
2
Let l(k) = 3*k - 6. Let f be l(8). List the prime factors of (58/6 - 1)*f/2.
2, 3, 13
Suppose 76 = 26*r - 22*r. Let t = 69 + r. What are the prime factors of t?
2, 11
Suppose -474 = -2*t - 2*o - o, 948 = 4*t + 5*o. What are the prime factors of t?
3, 79
Let g be (5/(-2))/(3/(-6)). Suppose 4*x = g*b - 18, 4*x = -b - b - 4. What are the prime factors of 138/(-24)*(-6 + b)?
23
Let y(t) = -t**3 - 6*t**2 - 4*t - 18. List the prime factors of y(-11).
631
Let h(c) = c + 5. Let s be h(0). Suppose 0*p = -s*p. What are the prime factors of (p -